ime factors of t?
3, 17, 61
Let q(n) = 1741*n**2 - 20*n + 38. List the prime factors of q(3).
15647
Let v(y) = -4*y**3 + 4*y**2 - 7*y + 3. Let o(k) = -k**3 - k - 1. Let b(s) = 2*o(s) - v(s). Let a be b(3). Let n = a - -27. What are the prime factors of n?
5, 11
Let o be (-756)/(-48) + 1/4. Let f(u) = -u**3 + 21*u**2 - 18*u - 4. What are the prime factors of f(o)?
2, 13, 19
Let r(l) = -2*l**3 + 6*l**2 - 2*l - 15. Let f be (81 + -80)/(2/(-12)). List the prime factors of r(f).
3, 5, 43
Let p(u) = -6*u**2 + 13*u - 6. Let o be p(-4). What are the prime factors of (-4)/7 + (-111430)/o?
3, 241
Suppose -8 = 210*u - 211*u. Suppose -7792 + 568 = -u*p. List the prime factors of p.
3, 7, 43
Suppose -17864 = -6976*c + 6972*c. What are the prime factors of c?
2, 7, 11, 29
Suppose f = -1, 0 = -a - 5*f + f + 1. Suppose a*o + 64 = 13*o. What are the prime factors of (o/5)/(10/1075)?
2, 43
Let k = 21489 - 15184. List the prime factors of k.
5, 13, 97
Suppose 72785*q + 395370 = 72803*q. List the prime factors of q.
5, 23, 191
List the prime factors of (-1066336)/(-282) + -4*2/(-12) + 1.
3, 13, 97
Suppose 92*c - 3348631 = -51*c. What are the prime factors of c?
23417
Suppose 3*v + l - 54882 = 0, -5*v + 129794 = 2*l + 38325. What are the prime factors of v?
5, 3659
Suppose -56*a - 100191 - 136841 = -64*a. List the prime factors of a.
29629
Suppose -3*r - 3 = -c + 13, -r = -c + 6. Suppose 2*p = 147 - c. List the prime factors of p.
73
Suppose -159*h = -32*h - 1085489 - 1357229. What are the prime factors of h?
2, 59, 163
Suppose 377*c - 762514 = 330*c + 578114. What are the prime factors of c?
2, 3, 2377
Suppose -4*t - u - 2 = 0, -t = -0*t + 4*u - 7. Let w(v) = -95*v + 2 - 3 + 1 - 5. List the prime factors of w(t).
2, 3, 5
Suppose 53*y - 31820 = 94956. List the prime factors of y.
2, 13, 23
Let t = -16511 - -36954. What are the prime factors of t?
20443
Suppose -36*m - 13865 = -8*m - 247189. What are the prime factors of m?
13, 641
Let f(c) = 8*c**2 - 4*c - 2. Let x be f(-1). Let n(t) = 20 - 11*t + x*t + 85. What are the prime factors of n(0)?
3, 5, 7
Let s = 63 - 59. Suppose s*w = 5*w - 3. Suppose -g = 4*g - w*j - 236, -220 = -5*g - 5*j. List the prime factors of g.
2, 23
Suppose b - 24268 = 5*x, -2*x + 159 - 171 = 0. What are the prime factors of b?
2, 12119
Let u(n) = 6659*n**3 - 4*n**2 - 6*n + 6. List the prime factors of u(1).
5, 11
Let k be -3*(-1)/(-15)*-25. Suppose 3*h - 91 = k*c, -38 = 2*c - 0*c - 2*h. Let y(v) = -v + 5. List the prime factors of y(c).
2, 11
What are the prime factors of 4*3/(144/72060)?
5, 1201
Suppose -5*t + 5*d + 16 = -9, 0 = -4*t - 5*d + 29. What are the prime factors of (2190/(-8))/(t - 250/40)?
3, 5, 73
Let v be -40 + ((-36)/27)/((-1)/3). Let f be (-48)/v*9/(-2). What are the prime factors of (-1225)/(-30) + -3 - 1/f?
2, 19
Suppose -2*b - 10 = 0, -l - b = -2*l - 598. Let j = -184 - l. List the prime factors of j.
419
Suppose 6*b + 2 = -22. What are the prime factors of (-5)/(-10) + b/(8/(-881))?
3, 7
Let s(g) = -g**3 + 21*g**2 - 45*g - 26. Let w be s(19). Let x = w - -226. List the prime factors of x.
67
Let m be (3 - 9)/((-6)/4 - -3). Let k be (m*(-24)/7)/((-2)/(-28)). Suppose 168 = 4*r - k. What are the prime factors of r?
2, 3, 5
Let x = 165 + -165. What are the prime factors of (-586)/(-7) + 12/42 + x?
2, 3, 7
Let y = 272 - 268. Suppose -3*m = -k - m + 122, -y*k + 2*m = -470. List the prime factors of k.
2, 29
Suppose -2*d + 2*v + 29 = -3, -v = 0. Let w(q) = 2*q**2 - 31*q - 2. What are the prime factors of w(d)?
2, 7
Suppose 2*r + 17242 = p + 3747, -2*p + 26976 = -2*r. What are the prime factors of p?
13, 17, 61
Let u(p) = -4571*p**2 - 57*p + 12. Let m(a) = -914*a**2 - 11*a + 2. Let o(w) = -11*m(w) + 2*u(w). List the prime factors of o(-1).
907
Let s(u) = 6*u**2 - 8*u + 4. Let j be s(5). Suppose 31*x = 69*x - 228. Suppose x*f - 4*f = j. List the prime factors of f.
3, 19
Let y(t) = 66*t**3 - 4*t**2 + 2*t + 4. Let s be y(-3). Let p be 2/(s/1812 + 1). List the prime factors of 27/63 - p/21.
2, 11
Suppose 4*q - 11*q + 35 = 0. Suppose 0 = q*p - 14 + 4. Suppose -p*d + 4*h = -320, 465 + 175 = 4*d + 3*h. List the prime factors of d.
2, 5
Let g = -1456 - -1461. Suppose 0 = -2*p + p + 340. Suppose 0 = -5*k + 2*o + 573, -k + g*o = 2*k - p. List the prime factors of k.
5, 23
Suppose 69*o = 80*o - 33143. What are the prime factors of o?
23, 131
Let s(l) = 26*l + 18. Let m be s(-1). List the prime factors of 20/m*2876/(-10).
719
Suppose 97*j - 6*j - 409793 - 110818 = 0. List the prime factors of j.
3, 1907
Let v = -6 + 0. Let o(q) = q - 2*q - 11*q**2 + 0*q**3 - 4*q - 5 - 2*q**3 + 0*q. What are the prime factors of o(v)?
61
Let h be 7689/(-18) + (-2)/(-12). Let q = h + 748. List the prime factors of q.
3, 107
Let y = -34964 - -53177. What are the prime factors of y?
3, 13, 467
Suppose 0 = -18*p - 83 + 209. Let t(s) = 2*s**3 - 7*s**2 + 39*s - 41. What are the prime factors of t(p)?
5, 23
Let z = -7 - -9. Let u be (6/z)/3 - 35. List the prime factors of ((-3)/3)/(1/u).
2, 17
Let v be ((-10)/20)/((-1)/(-28)). List the prime factors of -5*((-5)/35 + 404/v).
5, 29
Suppose -101*z + 24 = -97*z. Suppose 509 = -z*f - 211. What are the prime factors of ((-72)/f)/(1/50)?
2, 3, 5
Suppose h + 19*h = 100. Let b(p) = 17*p - 79. What are the prime factors of b(h)?
2, 3
Let l = 1114 - -5126. What are the prime factors of l?
2, 3, 5, 13
Let s(o) = 2*o**2 - 43*o + 20. Let u be 462/63*(-1 - -4). List the prime factors of s(u).
2, 3, 7
Suppose 2*w - 76 = 60. Suppose -w = -l - l. Let o = 246 - l. What are the prime factors of o?
2, 53
Suppose -5*y = -6*y - 2. Let f(t) = -t + 1. Let o be f(y). What are the prime factors of -1 - -3 - o - -32?
31
Let n(a) be the first derivative of -a**4/4 - 8*a**3/3 + 5*a**2/2 - 13*a + 12. Let d be n(-9). Suppose 2*m + d - 115 = 0. What are the prime factors of m?
2, 23
Let t(v) = 0 + 2*v + v + 10. Let c = 1212 - 1202. List the prime factors of t(c).
2, 5
Let x(w) = -w**3 + 37*w**2 - 99*w - 130. What are the prime factors of x(33)?
7, 137
Suppose 15*v = -17*v + 537420 + 77748. List the prime factors of v.
2, 3, 89
Let n(z) = -z**3 - 12*z**2 - 3*z - 31. Let o be n(-12). Suppose -p + 1178 = o*v, -5*v - 5*p - 136 = -1326. List the prime factors of v.
5, 47
Let g = -8870 + 18529. List the prime factors of g.
13, 743
Let v(r) = 2*r**3 + 128*r**2 - 3*r + 755. List the prime factors of v(-63).
2, 4441
Let m = -66 - -44. Let q = 88 + m. Suppose 88*c = 89*c - q. What are the prime factors of c?
2, 3, 11
Suppose -2*r + 30 = -0*r. List the prime factors of (-12)/60 + 4848/r.
17, 19
Suppose -74173 - 40480 = -11*f. List the prime factors of f.
7, 1489
Let r be (14 + -11)/(3/2). Suppose -j + 42 + 670 = -r*h, -j = 2*h - 728. List the prime factors of j.
2, 3, 5
Suppose 2841 = -j + 2*j + t, j = -3*t + 2843. Let u = j + -1789. What are the prime factors of u?
1051
Let u be 36/(-27)*42/(-4). Suppose -u*i - 12 = -18*i. Suppose i*k + 2*k = 245. List the prime factors of k.
7
Suppose -m - 5*t + 3*t = -2178, -5*m = 5*t - 10870. Suppose -u + m = 9*u. List the prime factors of u.
7, 31
Suppose -3*z = 4*u - 4477, 5127 = 5*u - 5*z - 443. Let d = -591 + u. List the prime factors of d.
2, 263
Suppose -5*t = -27079 - 1156. Suppose t + 7323 = 10*j. What are the prime factors of j?
1297
Let a = -142607 + 201393. What are the prime factors of a?
2, 7, 13, 17, 19
Let z be (-5 + 1)/(4/16). Let k(o) = -7*o**2 + 172*o - 130. Let u(s) = -3*s**2 + 79*s - 65. Let a(n) = 4*k(n) - 9*u(n). List the prime factors of a(z).
3, 59
Let v(h) = -3*h - 84. Let o be v(-12). List the prime factors of 3/o + (-334906)/(-416).
5, 7, 23
Let s(u) = -5*u + 69. Let o be s(12). Let f(y) = 131*y + 166. List the prime factors of f(o).
5, 269
What are the prime factors of -1 + (-2862012)/(-66) + (-26)/(-22) + -1?
103, 421
Let c(z) = 2*z**3 - 12*z**2 + 5*z + 12. Let x = -10 + 15. Let n be c(x). Let s = 151 + n. What are the prime factors of s?
2, 3, 23
Suppose 106*k + 27 = 109*k. List the prime factors of (-5 + 694/(-10))/(k/(-30)).
2, 31
Let n(j) = 2*j + 17. Let v be n(4). Suppose 2707 - 407 = v*z. List the prime factors of z.
2, 23
Let j(r) = 2*r**3 - r**2 + 19*r - 98. List the prime factors of j(13).
2, 3
Suppose -2*c = l - 10, 13 + 23 = 5*l - 4*c. Suppose -2*u - 4*q = -20, l*u - q + 11 =